{"id":398,"date":"2012-04-23T09:02:37","date_gmt":"2012-04-23T07:02:37","guid":{"rendered":"http:\/\/www.kjv-harheim.de\/?page_id=26"},"modified":"2026-03-29T22:04:54","modified_gmt":"2026-03-29T20:04:54","slug":"startseite","status":"publish","type":"page","link":"http:\/\/www.kjv-harheim.de\/","title":{"rendered":"Startseite"},"content":{"rendered":"<h2 style=\"text-align: center;\"><strong>Herzlich willkommen auf den Internetseiten des <\/strong><br \/><strong>Katholischen Jugend Verein Frankfurt-Harheim e.V. \u2013 kurz \u201eKJV\u201c.<\/strong><\/h2>\n<h3 style=\"text-align: left;\"><img data-attachment-id=\"7767\" data-permalink=\"http:\/\/www.kjv-harheim.de\/index.php\/startseite\/vorne-links-herz-logo-1\/\" data-orig-file=\"http:\/\/www.kjv-harheim.de\/wp-content\/uploads\/2024\/05\/Vorne-links-Herz-Logo-1-e1715240636444.jpg\" data-orig-size=\"252,244\" data-comments-opened=\"0\" data-image-meta=\"{&quot;aperture&quot;:&quot;0&quot;,&quot;credit&quot;:&quot;&quot;,&quot;camera&quot;:&quot;&quot;,&quot;caption&quot;:&quot;&quot;,&quot;created_timestamp&quot;:&quot;0&quot;,&quot;copyright&quot;:&quot;&quot;,&quot;focal_length&quot;:&quot;0&quot;,&quot;iso&quot;:&quot;0&quot;,&quot;shutter_speed&quot;:&quot;0&quot;,&quot;title&quot;:&quot;&quot;,&quot;orientation&quot;:&quot;0&quot;}\" data-image-title=\"Vorne links Herz Logo (1)\" data-image-description=\"\" data-image-caption=\"\" data-medium-file=\"http:\/\/www.kjv-harheim.de\/wp-content\/uploads\/2024\/05\/Vorne-links-Herz-Logo-1-e1715240636444.jpg\" data-large-file=\"http:\/\/www.kjv-harheim.de\/wp-content\/uploads\/2024\/05\/Vorne-links-Herz-Logo-1-e1715240636444.jpg\" decoding=\"async\" loading=\"lazy\" class=\"wp-image-7767  alignright\" src=\"http:\/\/www.kjv-harheim.de\/wp-content\/uploads\/2024\/05\/Vorne-links-Herz-Logo-1-e1715240636444.jpg\" alt=\"\" width=\"111\" height=\"126\" \/>Wir freuen uns, dass Sie unsere Internetpr\u00e4senz besuchen. Auf unseren Seiten stellen wir Ihnen die vielen Facetten unseres bunten Vereinslebens vor. Jede und jeder ist bei uns herzlich willkommen, wir freuen uns \u00fcber jedes neue Gesicht! Sie haben bei uns die M\u00f6glichkeit im Musikzug zu musizieren, sich an unseren Fastnachtsaktivit\u00e4ten aktiv zu beteiligen, als Helfer mit Herz an unseren Festen und Veranstaltungen zu unterst\u00fctzen, mit uns zu wandern und zu feiern! Wir freuen uns auf Ihre Kontaktaufnahme:\u00a0<a href=\"mailto:vorstand@kjv-harheim.de\" target=\"_blank\" rel=\"noopener\">Mail an unseren Vorstand senden<\/a><br \/>Viel Spa\u00df beim St\u00f6bern auf unseren Seiten!<\/h3>\n\n\n<p><\/p>\n\n\n\n<p><\/p>\n\n\n\n<p><\/p>\n\n\n\n<p class=\"has-text-align-center has-medium-font-size\"> <\/p>\n\n\n\n<p>\u00a0<\/p>\n<p>\u00a0<\/p>\n<p>\u00a0<\/p>\n\n\n\n<figure class=\"wp-block-image size-large\"><img data-attachment-id=\"8640\" data-permalink=\"http:\/\/www.kjv-harheim.de\/index.php\/2026\/03\/29\/summertime-am-born-am-13-14-juni-2026-oldies-charts-livemusik-von-hakan-maz\/save-the-date-2026-1\/\" data-orig-file=\"http:\/\/www.kjv-harheim.de\/wp-content\/uploads\/2026\/03\/Save-the-date-2026-1.jpg\" data-orig-size=\"1414,2000\" data-comments-opened=\"0\" data-image-meta=\"{&quot;aperture&quot;:&quot;0&quot;,&quot;credit&quot;:&quot;&quot;,&quot;camera&quot;:&quot;&quot;,&quot;caption&quot;:&quot;&quot;,&quot;created_timestamp&quot;:&quot;0&quot;,&quot;copyright&quot;:&quot;&quot;,&quot;focal_length&quot;:&quot;0&quot;,&quot;iso&quot;:&quot;0&quot;,&quot;shutter_speed&quot;:&quot;0&quot;,&quot;title&quot;:&quot;&quot;,&quot;orientation&quot;:&quot;1&quot;}\" data-image-title=\"Save-the-date-2026-1\" data-image-description=\"\" data-image-caption=\"\" data-medium-file=\"http:\/\/www.kjv-harheim.de\/wp-content\/uploads\/2026\/03\/Save-the-date-2026-1-212x300.jpg\" data-large-file=\"http:\/\/www.kjv-harheim.de\/wp-content\/uploads\/2026\/03\/Save-the-date-2026-1-724x1024.jpg\" decoding=\"async\" loading=\"lazy\" width=\"724\" height=\"1024\" src=\"http:\/\/www.kjv-harheim.de\/wp-content\/uploads\/2026\/03\/Save-the-date-2026-1-724x1024.jpg\" alt=\"\" class=\"wp-image-8640\" srcset=\"http:\/\/www.kjv-harheim.de\/wp-content\/uploads\/2026\/03\/Save-the-date-2026-1-724x1024.jpg 724w, http:\/\/www.kjv-harheim.de\/wp-content\/uploads\/2026\/03\/Save-the-date-2026-1-212x300.jpg 212w, http:\/\/www.kjv-harheim.de\/wp-content\/uploads\/2026\/03\/Save-the-date-2026-1-768x1086.jpg 768w, http:\/\/www.kjv-harheim.de\/wp-content\/uploads\/2026\/03\/Save-the-date-2026-1-1086x1536.jpg 1086w, http:\/\/www.kjv-harheim.de\/wp-content\/uploads\/2026\/03\/Save-the-date-2026-1.jpg 1414w\" sizes=\"(max-width: 724px) 100vw, 724px\" \/><\/figure>\n","protected":false},"excerpt":{"rendered":"<p>Herzlich willkommen auf den Internetseiten des Katholischen Jugend Verein Frankfurt-Harheim e.V. \u2013 kurz \u201eKJV\u201c. Wir freuen uns, dass Sie unsere Internetpr\u00e4senz besuchen. Auf unseren Seiten stellen wir Ihnen die vielen Facetten unseres bunten Vereinslebens vor. Jede und jeder ist bei uns herzlich willkommen, wir freuen uns \u00fcber jedes neue Gesicht! Sie haben bei uns die [&hellip;]<\/p>\n","protected":false},"author":1,"featured_media":0,"parent":0,"menu_order":0,"comment_status":"closed","ping_status":"closed","template":"","meta":{"jetpack_post_was_ever_published":false},"jetpack_sharing_enabled":false,"jetpack_shortlink":"https:\/\/wp.me\/P7HeFu-6q","jetpack-related-posts":[{"id":40,"url":"http:\/\/www.kjv-harheim.de\/index.php\/wir-uber-uns\/der-verein\/","url_meta":{"origin":398,"position":0},"title":"Der Verein","date":"19. April 2012","format":false,"excerpt":"Der Katholische Jugendverein Harheim wurde 1910 von Pfarrer Hemmes ins Leben gerufen. Sein Ziel war es, die soziale, religi\u00f6se und geistige Erziehung seiner Mitglieder zu f\u00f6rdern. Im Jahre 1914 gr\u00fcndete sich der Spielmannszug des KJV und hatte bei der Fahnenweihe am 07.Juni 1924 seinen ersten Auftritt. Der KJV hat heute\u2026","rel":"","context":"\u00c4hnlicher Beitrag","img":{"alt_text":"","src":"","width":0,"height":0},"classes":[]},{"id":5852,"url":"http:\/\/www.kjv-harheim.de\/index.php\/wir-uber-uns\/datenschutzerklaerung\/","url_meta":{"origin":398,"position":1},"title":"Datenschutzerkl\u00e4rung","date":"24. Mai 2018","format":false,"excerpt":"Datenschutzerkl\u00e4rung Wir freuen uns sehr \u00fcber Ihr Interesse an unserem Verein. Datenschutz hat einen besonders hohen Stellenwert f\u00fcr den Katholischen Jugendverein Frankfurt am Main - Harheim e.V. (kurz: KJV). Eine Nutzung der Internetseiten des Katholischen Jugendverein Frankfurt am Main - Harheim e.V. (kurz: KJV) ist grunds\u00e4tzlich ohne jede Angabe personenbezogener\u2026","rel":"","context":"\u00c4hnlicher Beitrag","img":{"alt_text":"","src":"","width":0,"height":0},"classes":[]},{"id":3360,"url":"http:\/\/www.kjv-harheim.de\/index.php\/wir-uber-uns\/impressum2\/","url_meta":{"origin":398,"position":2},"title":"Impressum","date":"22. Juni 2016","format":false,"excerpt":"Katholischer Jugendverein Frankfurt\/Main Harheim e.V. Ma\u00dfbornstra\u00dfe 35 60437 Frankfurt am Main Telefon: 06101\/49570 E-Mail: webmaster@kjv-Harheim.de Internet: www.kjv-harheim.de Bankverbindung: Frankfurter Volksbank eG IBAN: DE46 5019 0000 6300 6071 42 \u00a0 Vertretungsberechtigter Vorstand: Michael Fries (1. Vorsitzender), Kerstin Heisig-Fischer (2. Vorsitzende) Inhaltlich Verantwortlicher gem\u00e4\u00df \u00a7 10 Absatz 3 MDStV: Torsten Meth, Winkelgasse\u2026","rel":"","context":"\u00c4hnlicher Beitrag","img":{"alt_text":"","src":"","width":0,"height":0},"classes":[]},{"id":38,"url":"http:\/\/www.kjv-harheim.de\/index.php\/wir-uber-uns\/","url_meta":{"origin":398,"position":3},"title":"Wir \u00fcber uns","date":"19. April 2012","format":false,"excerpt":"","rel":"","context":"\u00c4hnlicher Beitrag","img":{"alt_text":"","src":"","width":0,"height":0},"classes":[]},{"id":151,"url":"http:\/\/www.kjv-harheim.de\/index.php\/wir-uber-uns\/der-vorstand-2\/","url_meta":{"origin":398,"position":4},"title":"Der Vorstand","date":"23. April 2012","format":false,"excerpt":"Michael Fries 1. Vorsitzender Vorsitzender@kjv-harheim.de Kerstin Heisig-Fischer 2. Vorsitzende Vorsitzende@kjv-harheim.de Andreas Kordek Kassierer Kassierer@kjv-harheim.de Jakob Schmidt Schriftf\u00fchrer Schriftfuehrer@kjv-harheim.de Melina Krimmel stellv. Schriftf\u00fchrerin Schriftfuehrer@kjv-harheim.de Christiane Sch\u00fcrmann 1.Stabf\u00fchrerin Musikzug@kjv-harheim.de Johanna Fries 2.Stabf\u00fchrerin Musikzug@kjv-harheim.de Helena Schieferdecker Jugendvertreterin Jugendvertreter@kjv-harheim.de Kerstin Schmidt Jugendvertreterin Jugendvertreter@kjv-harheim.de Christine Gaulrapp Zeugwart Zeugwart@kjv-harheim.de Robert Guth Vereinsringbeauftragter Vereinsring@kjv-harheim.de Heiko Schmidt Fastnachtbeauftragter\u2026","rel":"","context":"\u00c4hnlicher Beitrag","img":{"alt_text":"","src":"","width":0,"height":0},"classes":[]}],"_links":{"self":[{"href":"http:\/\/www.kjv-harheim.de\/index.php\/wp-json\/wp\/v2\/pages\/398"}],"collection":[{"href":"http:\/\/www.kjv-harheim.de\/index.php\/wp-json\/wp\/v2\/pages"}],"about":[{"href":"http:\/\/www.kjv-harheim.de\/index.php\/wp-json\/wp\/v2\/types\/page"}],"author":[{"embeddable":true,"href":"http:\/\/www.kjv-harheim.de\/index.php\/wp-json\/wp\/v2\/users\/1"}],"replies":[{"embeddable":true,"href":"http:\/\/www.kjv-harheim.de\/index.php\/wp-json\/wp\/v2\/comments?post=398"}],"version-history":[{"count":64,"href":"http:\/\/www.kjv-harheim.de\/index.php\/wp-json\/wp\/v2\/pages\/398\/revisions"}],"predecessor-version":[{"id":8645,"href":"http:\/\/www.kjv-harheim.de\/index.php\/wp-json\/wp\/v2\/pages\/398\/revisions\/8645"}],"wp:attachment":[{"href":"http:\/\/www.kjv-harheim.de\/index.php\/wp-json\/wp\/v2\/media?parent=398"}],"curies":[{"name":"wp","href":"https:\/\/api.w.org\/{rel}","templated":true}]}}

<h2 style="text-align: center;"><strong>Herzlich willkommen auf den Internetseiten des </strong><br /><strong>Katholischen Jugend Verein Frankfurt-Harheim e.V. – kurz „KJV“.</strong></h2>
<h3 style="text-align: left;"><img data-attachment-id="7767" data-permalink="http://www.kjv-harheim.de/index.php/startseite/vorne-links-herz-logo-1/" data-orig-file="http://www.kjv-harheim.de/wp-content/uploads/2024/05/Vorne-links-Herz-Logo-1-e1715240636444.jpg" data-orig-size="252,244" data-comments-opened="0" data-image-meta="{&quot;aperture&quot;:&quot;0&quot;,&quot;credit&quot;:&quot;&quot;,&quot;camera&quot;:&quot;&quot;,&quot;caption&quot;:&quot;&quot;,&quot;created_timestamp&quot;:&quot;0&quot;,&quot;copyright&quot;:&quot;&quot;,&quot;focal_length&quot;:&quot;0&quot;,&quot;iso&quot;:&quot;0&quot;,&quot;shutter_speed&quot;:&quot;0&quot;,&quot;title&quot;:&quot;&quot;,&quot;orientation&quot;:&quot;0&quot;}" data-image-title="Vorne links Herz Logo (1)" data-image-description="" data-image-caption="" data-medium-file="http://www.kjv-harheim.de/wp-content/uploads/2024/05/Vorne-links-Herz-Logo-1-e1715240636444.jpg" data-large-file="http://www.kjv-harheim.de/wp-content/uploads/2024/05/Vorne-links-Herz-Logo-1-e1715240636444.jpg" decoding="async" loading="lazy" class="wp-image-7767  alignright" src="http://www.kjv-harheim.de/wp-content/uploads/2024/05/Vorne-links-Herz-Logo-1-e1715240636444.jpg" alt="" width="111" height="126" />Wir freuen uns, dass Sie unsere Internetpräsenz besuchen. Auf unseren Seiten stellen wir Ihnen die vielen Facetten unseres bunten Vereinslebens vor. Jede und jeder ist bei uns herzlich willkommen, wir freuen uns über jedes neue Gesicht! Sie haben bei uns die Möglichkeit im Musikzug zu musizieren, sich an unseren Fastnachtsaktivitäten aktiv zu beteiligen, als Helfer mit Herz an unseren Festen und Veranstaltungen zu unterstützen, mit uns zu wandern und zu feiern! Wir freuen uns auf Ihre Kontaktaufnahme: <a href="mailto:vorstand@kjv-harheim.de" target="_blank" rel="noopener">Mail an unseren Vorstand senden</a><br />Viel Spaß beim Stöbern auf unseren Seiten!</h3>


<p></p>



<p></p>



<p></p>



<p class="has-text-align-center has-medium-font-size"> </p>



<p> </p>
<p> </p>
<p> </p>



<figure class="wp-block-image size-large"><img data-attachment-id="8640" data-permalink="http://www.kjv-harheim.de/index.php/2026/03/29/summertime-am-born-am-13-14-juni-2026-oldies-charts-livemusik-von-hakan-maz/save-the-date-2026-1/" data-orig-file="http://www.kjv-harheim.de/wp-content/uploads/2026/03/Save-the-date-2026-1.jpg" data-orig-size="1414,2000" data-comments-opened="0" data-image-meta="{&quot;aperture&quot;:&quot;0&quot;,&quot;credit&quot;:&quot;&quot;,&quot;camera&quot;:&quot;&quot;,&quot;caption&quot;:&quot;&quot;,&quot;created_timestamp&quot;:&quot;0&quot;,&quot;copyright&quot;:&quot;&quot;,&quot;focal_length&quot;:&quot;0&quot;,&quot;iso&quot;:&quot;0&quot;,&quot;shutter_speed&quot;:&quot;0&quot;,&quot;title&quot;:&quot;&quot;,&quot;orientation&quot;:&quot;1&quot;}" data-image-title="Save-the-date-2026-1" data-image-description="" data-image-caption="" data-medium-file="http://www.kjv-harheim.de/wp-content/uploads/2026/03/Save-the-date-2026-1-212x300.jpg" data-large-file="http://www.kjv-harheim.de/wp-content/uploads/2026/03/Save-the-date-2026-1-724x1024.jpg" decoding="async" loading="lazy" width="724" height="1024" src="http://www.kjv-harheim.de/wp-content/uploads/2026/03/Save-the-date-2026-1-724x1024.jpg" alt="" class="wp-image-8640" srcset="http://www.kjv-harheim.de/wp-content/uploads/2026/03/Save-the-date-2026-1-724x1024.jpg 724w, http://www.kjv-harheim.de/wp-content/uploads/2026/03/Save-the-date-2026-1-212x300.jpg 212w, http://www.kjv-harheim.de/wp-content/uploads/2026/03/Save-the-date-2026-1-768x1086.jpg 768w, http://www.kjv-harheim.de/wp-content/uploads/2026/03/Save-the-date-2026-1-1086x1536.jpg 1086w, http://www.kjv-harheim.de/wp-content/uploads/2026/03/Save-the-date-2026-1.jpg 1414w" sizes="(max-width: 724px) 100vw, 724px" /></figure>

<p>Herzlich willkommen auf den Internetseiten des Katholischen Jugend Verein Frankfurt-Harheim e.V. – kurz „KJV“. Wir freuen uns, dass Sie unsere Internetpräsenz besuchen. Auf unseren Seiten stellen wir Ihnen die vielen Facetten unseres bunten Vereinslebens vor. Jede und jeder ist bei uns herzlich willkommen, wir freuen uns über jedes neue Gesicht! Sie haben bei uns die [&hellip;]</p>

Der Katholische Jugendverein Harheim wurde 1910 von Pfarrer Hemmes ins Leben gerufen. Sein Ziel war es, die soziale, religiöse und geistige Erziehung seiner Mitglieder zu fördern. Im Jahre 1914 gründete sich der Spielmannszug des KJV und hatte bei der Fahnenweihe am 07.Juni 1924 seinen ersten Auftritt. Der KJV hat heute…

Ähnlicher Beitrag

Datenschutzerklärung

Datenschutzerklärung Wir freuen uns sehr über Ihr Interesse an unserem Verein. Datenschutz hat einen besonders hohen Stellenwert für den Katholischen Jugendverein Frankfurt am Main - Harheim e.V. (kurz: KJV). Eine Nutzung der Internetseiten des Katholischen Jugendverein Frankfurt am Main - Harheim e.V. (kurz: KJV) ist grundsätzlich ohne jede Angabe personenbezogener…

Katholischer Jugendverein Frankfurt/Main Harheim e.V. Maßbornstraße 35 60437 Frankfurt am Main Telefon: 06101/49570 E-Mail: webmaster@kjv-Harheim.de Internet: www.kjv-harheim.de Bankverbindung: Frankfurter Volksbank eG IBAN: DE46 5019 0000 6300 6071 42   Vertretungsberechtigter Vorstand: Michael Fries (1. Vorsitzender), Kerstin Heisig-Fischer (2. Vorsitzende) Inhaltlich Verantwortlicher gemäß § 10 Absatz 3 MDStV: Torsten Meth, Winkelgasse…

Wir über uns

Michael Fries 1. Vorsitzender Vorsitzender@kjv-harheim.de Kerstin Heisig-Fischer 2. Vorsitzende Vorsitzende@kjv-harheim.de Andreas Kordek Kassierer Kassierer@kjv-harheim.de Jakob Schmidt Schriftführer Schriftfuehrer@kjv-harheim.de Melina Krimmel stellv. Schriftführerin Schriftfuehrer@kjv-harheim.de Christiane Schürmann 1.Stabführerin Musikzug@kjv-harheim.de Johanna Fries 2.Stabführerin Musikzug@kjv-harheim.de Helena Schieferdecker Jugendvertreterin Jugendvertreter@kjv-harheim.de Kerstin Schmidt Jugendvertreterin Jugendvertreter@kjv-harheim.de Christine Gaulrapp Zeugwart Zeugwart@kjv-harheim.de Robert Guth Vereinsringbeauftragter Vereinsring@kjv-harheim.de Heiko Schmidt Fastnachtbeauftragter…
